t common factor of 27560 and 3640?
520
What is the greatest common divisor of 707 and 133?
7
What is the highest common factor of 68958 and 3942?
54
Calculate the highest common factor of 73773 and 252.
63
What is the highest common divisor of 705 and 1164425?
235
What is the greatest common divisor of 189 and 1077?
3
What is the highest common divisor of 493 and 49912?
17
Calculate the greatest common divisor of 8 and 268568.
8
Calculate the highest common divisor of 1287 and 20364201.
1287
What is the highest common divisor of 417 and 196407?
417
Calculate the highest common factor of 525 and 918975.
75
Calculate the highest common divisor of 401688 and 42.
42
What is the highest common factor of 1788 and 12?
12
Calculate the greatest common divisor of 186 and 597.
3
Calculate the greatest common factor of 7339 and 1148.
41
Calculate the greatest common divisor of 688 and 250174.
86
Calculate the highest common divisor of 3566006 and 4942.
706
What is the highest common divisor of 47565 and 30?
15
Calculate the greatest common divisor of 2295 and 3145.
85
What is the greatest common factor of 277693 and 32513?
533
Calculate the greatest common factor of 801 and 50107.
89
Calculate the highest common divisor of 18 and 99506.
2
What is the highest common factor of 3016 and 624?
104
Calculate the highest common factor of 27877 and 4392.
61
Calculate the greatest common factor of 8019 and 33.
33
What is the highest common factor of 614604 and 24?
12
Calculate the highest common divisor of 93 and 1185099.
93
Calculate the highest common divisor of 2636 and 30973.
659
What is the highest common divisor of 9309 and 642?
321
What is the greatest common factor of 85675 and 9775?
575
Calculate the highest common factor of 44 and 5873.
1
What is the greatest common factor of 53460 and 3780?
540
What is the greatest common divisor of 589 and 83?
1
Calculate the highest common divisor of 279 and 257409.
9
Calculate the highest common divisor of 1330 and 29906.
38
What is the greatest common factor of 1683 and 2499?
51
Calculate the highest common divisor of 71580 and 4740.
60
What is the greatest common factor of 280559 and 157?
157
What is the greatest common divisor of 23 and 115253?
23
Calculate the greatest common factor of 117 and 40131.
117
Calculate the greatest common divisor of 624 and 19734.
78
Calculate the greatest common factor of 1223520 and 340.
20
What is the highest common divisor of 28161 and 3213?
189
What is the highest common factor of 690 and 160?
10
Calculate the highest common divisor of 457692 and 11868.
516
Calculate the greatest common factor of 608132 and 14504.
1036
Calculate the greatest common factor of 5070 and 2314.
26
What is the highest common factor of 190 and 32794?
38
Calculate the greatest common factor of 48931 and 668.
167
Calculate the greatest common factor of 805 and 29925.
35
Calculate the highest common factor of 28495 and 21525.
205
What is the highest common divisor of 51 and 609297?
51
What is the highest common divisor of 35126 and 507?
13
What is the greatest common divisor of 4464 and 66681?
279
Calculate the highest common divisor of 621467 and 539.
539
What is the greatest common divisor of 237269 and 1445?
289
What is the highest common divisor of 576 and 2385?
9
Calculate the highest common divisor of 3159 and 261.
9
Calculate the greatest common factor of 13 and 120653.
13
What is the greatest common divisor of 42 and 314454?
42
What is the highest common factor of 11826 and 1898?
146
Calculate the highest common divisor of 10390 and 280.
10
What is the highest common divisor of 70 and 24192?
14
Calculate the highest common divisor of 828 and 223376.
92
Calculate the greatest common divisor of 17111 and 5893.
71
What is the greatest common factor of 9177 and 6440?
161
What is the greatest common factor of 337414 and 196?
98
Calculate the highest common divisor of 10718 and 24698.
466
What is the highest common divisor of 1885556 and 8?
4
What is the highest common divisor of 83566 and 1974?
658
What is the highest common divisor of 34 and 856?
2
Calculate the highest common divisor of 480 and 4864.
32
Calculate the greatest common factor of 7 and 858249.
7
Calculate the greatest common factor of 148300 and 500.
100
What is the highest common factor of 4314 and 1086?
6
Calculate the greatest common factor of 3450 and 750.
150
What is the highest common divisor of 1016767 and 303?
101
Calculate the greatest common factor of 32 and 3387664.
16
What is the highest common divisor of 153354 and 3111?
183
What is the highest common factor of 79070 and 3170?
10
What is the greatest common divisor of 429 and 92697?
33
Calculate the greatest common factor of 403 and 1642225.
403
Calculate the highest common factor of 54986 and 38.
38
Calculate the greatest common divisor of 220 and 4746940.
220
What is the highest common divisor of 3380939 and 865?
173
What is the greatest common factor of 22 and 199138?
2
What is the highest common factor of 333 and 2010321?
333
Calculate the greatest common factor of 310 and 21173.
31
Calculate the highest common factor of 1206 and 906.
6
What is the greatest common factor of 206 and 582465?
103
Calculate the greatest common divisor of 2101170 and 30.
30
Calculate the greatest common divisor of 64342 and 29743.
607
What is the greatest common divisor of 151 and 300943?
151
What is the highest common factor of 11909 and 6?
1
What is the greatest common divisor of 1958 and 9042?
22
Calculate the greatest common factor of 531 and 167619.
177
What is the greatest common factor of 1093576 and 1419?
473
Calculate the highest common divisor of 10500 and 84.
84
What is the greatest common divisor of 176382 and 6642?
738
Calculate the greatest common factor of 131215 and 70.
35
What is the greatest common factor of 3781 and 8474?
19
Calculate the greatest common divisor of 20 and 85390.
10
Calculate the greatest common factor of 41 and 4961.
41
Calculate the greatest common divisor of 63 and 153846.
63
What is the highest common divisor of 4134642 and 6?
6
Calculate the greatest common factor of 673686 and 936.
234
Calculate the highest common factor of 28 and 516586.
14
What is the greatest common divisor of 692 and 49651?
173
What is the highest common factor of 18618 and 58?
58
What is the greatest common factor of 58 and 4687502?
58
Calculate the greatest common divisor of 177076 and 8.
4
Calculate the greatest common factor of 107 and 3233647.
107
What is the highest common factor of 652560 and 240?
240
What is the greatest common divisor of 2870 and 128002?
574
Calculate the highest common divisor of 1182 and 120958.
394
What is the highest common divisor of 7831273 and 227?
227
Calculate the highest common divisor of 632 and 5368.
8
Calculate the greatest common divisor of 310040 and 276.
92
Calculate the greatest common factor of 7580 and 16.
4
What is the greatest common factor of 5332968 and 136?
136
What is the greatest common factor of 918 and 408?
102
What is the greatest common divisor of 330 and 704?
22
What is the greatest common factor of 92502 and 378?
54
What is the greatest common divisor of 804504 and 24?
24
Calculate the highest common factor of 255078 and 342.
18
Calculate the greatest common divisor of 34992 and 192.
48
Calculate the highest common factor of 34 and 1463921.
17
What is the highest common divisor of 13087 and 307829?
569
Calculate the highest common divisor of 36566 and 13912.
94
Calculate the greatest common divisor of 12214 and 682.
62
Calculate the greatest common factor of 92625 and 10530.
195
What is the greatest common divisor of 83896 and 120?
8
What is the highest common factor of 10063 and 464?
29
What is the greatest common factor of 903 and 6450?
129
Calculate the highest common factor of 903 and 2537.
43
Calculate the highest common factor of 459 and 2452896.
459
What is the highest common factor of 115 and 18965?
5
Calculate the highest common factor of 88 and 6446.
22
What is the greatest common divisor of 10595 and 195?
65
Calculate the greatest common factor of 24 and 55008.
24
Calculate the greatest common factor of 3300 and 384.
12
What is the highest common factor of 2580 and 4830?
30
Calculate the greatest common divis